{"id":13285,"date":"2021-09-13T14:31:32","date_gmt":"2021-09-13T14:31:32","guid":{"rendered":"http:\/\/starelec.tn\/?post_type=product&#038;p=13285"},"modified":"2021-09-13T14:31:32","modified_gmt":"2021-09-13T14:31:32","slug":"fct2l02x11","status":"publish","type":"product","link":"https:\/\/starelec.tn\/?product=fct2l02x11","title":{"rendered":"FCT2L02X11"},"content":{"rendered":"<p>Fin de\u00a0course thermoplastique pr\u00e9-c\u00e2bl\u00e9\u00a0Degr\u00e9 de protection : IP6X et IP4X (HazLoc) \u2013 IP67 (zones non class\u00e9es) Poussoir en<br \/>\n<strong>acier<\/strong><br \/>\nTypes de contact \u2013 action lente et brusque type \u00ab Zb \u00bb : X11 (1NC\/1NO Action lente)<br \/>\nC\u00e2ble int\u00e9gr\u00e9 : sortie lat\u00e9rale \u2013 sortie verticale<\/p>\n","protected":false},"excerpt":{"rendered":"<p>INTERRUPTEUR FIN DE COURSE<\/p>\n","protected":false},"featured_media":13286,"template":"","meta":[],"pwb-brand":[45],"product_cat":[41,50],"product_tag":[],"class_list":{"0":"post-13285","1":"product","2":"type-product","3":"status-publish","4":"has-post-thumbnail","6":"pwb-brand-giovenzana","7":"product_cat-automatismes-et-controle-pour-lindustrie","8":"product_cat-fin-de-course","10":"first","11":"instock","12":"shipping-taxable","13":"purchasable","14":"product-type-simple"},"brands":[{"id":45,"name":"GIOVENZANA","slug":"giovenzana"}],"_links":{"self":[{"href":"https:\/\/starelec.tn\/index.php?rest_route=\/wp\/v2\/product\/13285"}],"collection":[{"href":"https:\/\/starelec.tn\/index.php?rest_route=\/wp\/v2\/product"}],"about":[{"href":"https:\/\/starelec.tn\/index.php?rest_route=\/wp\/v2\/types\/product"}],"wp:featuredmedia":[{"embeddable":true,"href":"https:\/\/starelec.tn\/index.php?rest_route=\/wp\/v2\/media\/13286"}],"wp:attachment":[{"href":"https:\/\/starelec.tn\/index.php?rest_route=%2Fwp%2Fv2%2Fmedia&parent=13285"}],"wp:term":[{"taxonomy":"pwb-brand","embeddable":true,"href":"https:\/\/starelec.tn\/index.php?rest_route=%2Fwp%2Fv2%2Fpwb-brand&post=13285"},{"taxonomy":"product_cat","embeddable":true,"href":"https:\/\/starelec.tn\/index.php?rest_route=%2Fwp%2Fv2%2Fproduct_cat&post=13285"},{"taxonomy":"product_tag","embeddable":true,"href":"https:\/\/starelec.tn\/index.php?rest_route=%2Fwp%2Fv2%2Fproduct_tag&post=13285"}],"curies":[{"name":"wp","href":"https:\/\/api.w.org\/{rel}","templated":true}]}}